 14 + 60444/234 + (-4)/13. Suppose p - 3*q = 7, -34 = -2*p - 0*p + 2*q. Let o = 38 - p. What is the greatest common factor of o and n?
16
Let u be (356/10)/(2/(-10)). Let v = 347 + u. What is the greatest common factor of 13 and v?
13
Suppose -x + 4 = 0, 4*z - 8*x + 6*x - 1392 = 0. Suppose z = 9*u - 145. What is the greatest common divisor of 10 and u?
5
Let v(o) = o**3 - 22*o**2 + 81*o - 40. Let b be v(19). Calculate the greatest common factor of b and 26.
26
Let w be ((-8 + -2)*(-21)/35)/2. Let y(f) = -7*f**3 + 33*f**w - 5*f**2 - 18 + 17 + f. Let o be y(2). Calculate the greatest common divisor of 21 and o.
21
Suppose 2*o = 24*o - 2574. Let h = -75 + 84. What is the highest common factor of h and o?
9
Suppose -650 = 15*b - 65*b + 350. Calculate the greatest common divisor of 3380 and b.
20
Suppose 0 = n + 3*z + 74, 0 = -4*n + 12*z - 10*z - 268. Let i = 118 + n. What is the greatest common factor of 325 and i?
25
Suppose 3*m = 4 + 5. Let u be (m + 1)*17/2. Let h = u - 27. Calculate the greatest common divisor of 14 and h.
7
Let a = 0 + 34. Suppose 0 = 9*t - 7*t - a. Let k(f) = -f**3 + 42*f**2 + 6*f - 251. Let n be k(42). Calculate the greatest common factor of t and n.
1
Let x(g) = -g**3 + 8*g**2 - 7*g + 20. Let j be 40/70*(38/4 + 1). Let b be x(j). What is the highest common divisor of b and 350?
50
Let g(n) = n**3 - 2*n - 6. Let b be g(-2). Let f be (-7 + (-245)/b)*132/7. Calculate the greatest common divisor of 44 and f.
22
Suppose 889 = 157*j - 156*j. Calculate the highest common divisor of 7 and j.
7
Let p(r) = 25*r**2 + 2*r + 2. Let d be p(-1). Let l(u) = 2*u - 7. Let f be l(5). Suppose f*t + 40 = 7*t. Calculate the highest common divisor of d and t.
5
Let h = -4 + 8. Let p(m) = m**2 + 14*m - 3. Let y = 214 + -229. Let u be p(y). Calculate the highest common factor of h and u.
4
Suppose -184*t + 337 = -181*t - 5*o, -2*t - 2*o + 246 = 0. Calculate the greatest common divisor of t and 42.
7
Let o = 3850 - 2472. What is the greatest common factor of o and 106?
106
Let j be 4/32*4*86. Let q = -42 + j. Suppose -2*k = 5*f + q, 2*f = 2*k + 19 - 53. Calculate the highest common factor of 18 and k.
6
Let o(y) = -8*y - 67. Let l be o(-9). Suppose 5*a + 985 = l*x, 787 = 3*x + x - 5*a. Calculate the greatest common divisor of 33 and x.
33
Let y be (3/5)/(-27 + 19467/720). What is the highest common divisor of y and 76?
4
Let u(n) = 1412*n - 5587. Let j be u(4). Suppose 4*b - 976 = 2*b. Calculate the highest common factor of j and b.
61
Suppose -318*y + 3560 = -316*y. What is the highest common divisor of y and 10?
10
Let a be (-20 - 1 - -2)*(-7 - -5). What is the greatest common divisor of a and 8474?
38
Let r = 301 - 174. Let v = r + -72. Calculate the greatest common factor of v and 22.
11
Suppose -62*s + 1417 = -939. Calculate the highest common divisor of 285 and s.
19
Suppose 0 = 4*j - 14944 + 14440. Let a = 592 + -403. Calculate the highest common divisor of a and j.
63
Let o be (164/3 + -6)*3. Let q = o - 139. Let c = 113 - 78. What is the highest common divisor of c and q?
7
Let r = -5823 - -6075. Calculate the highest common divisor of r and 105.
21
Let w be -12*(-6)/126 + 618/21. Calculate the highest common factor of w and 1815.
15
Suppose 7*f + 3*u - 1170 = 4*f, 0 = -3*f - 2*u + 1171. Suppose -17*w = 6*w - f. Calculate the highest common factor of w and 68.
17
Let p be 22/(-3)*84/(-98)*7. Let k(r) = -2*r**3 - 6*r**2 + 13*r - 6. Let u be k(-6). What is the greatest common factor of u and p?
44
Let d be (2016/392)/(((-30)/1071)/(-5)). Calculate the highest common divisor of d and 7140.
102
Suppose 2*k = -w + 57, 19*w + 180 = 22*w + 3*k. Suppose 2*y - 6*y = 0, -4*y = -s + 105. Calculate the highest common factor of w and s.
21
Let x be 2900/125 - 2/10. Let p = -330 - -166. Let s = 43 - p. Calculate the greatest common factor of s and x.
23
Let c be (2/4)/((14/(-76))/(-7)). Let t(x) = -x**3 + 20*x**2 - 40*x + 32. Let p be t(c). Let s = -235 - p. Calculate the highest common factor of s and 24.
12
Let z(v) = 3*v**2 - 2*v - 2. Let x be z(-4). Let a(c) = -2*c + 17. Let d be a(4). What is the greatest common divisor of x and d?
9
Let a(q) = q**2 - 6*q - 4. Let r be a(6). Let v = 86 + r. Let u = -47 + v. Calculate the greatest common divisor of 5 and u.
5
Suppose -3*j + 74403 = 4*c, -463*c + 2*j = -458*c - 92998. What is the greatest common divisor of 8 and c?
8
Let v(a) = a**2 - 3*a - 21. Suppose 0 + 8 = 4*n. Suppose 4*b - n*b - 18 = 0. Let c be v(b). What is the highest common divisor of c and 22?
11
Let i(r) = -319*r - 56 + 157*r + r**2 + 172*r. Let l be i(-18). What is the highest common factor of 11 and l?
11
Let v(x) = -x**3 + 3*x**2 + 12*x - 7. Let h be v(5). Suppose -160 = -h*q - 13*q. Calculate the highest common divisor of 70 and q.
10
Let b be (-24 + -2)/(2*-1). Let c be ((-428)/(-12))/1 - (-21)/9. Let v be c/475 + (-2273)/(-25). Calculate the highest common factor of b and v.
13
Let f = 1 - 1. Let s = 11687 - 10964. Suppose f = 4*k + 183 - s. What is the greatest common divisor of 27 and k?
27
Let q be 3 + 19/(-7) + 38/14. Suppose q*u = 5*g - 496, -16*g = -14*g - 3*u - 193. Calculate the highest common divisor of g and 505.
101
Suppose -53*c = -50*c - 12. Suppose 0 = -3*h - 2*o + 27 + 55, -5*h + 100 = -c*o. Suppose h*t = 20*t + 8. What is the highest common factor of 14 and t?
2
Let k(d) = 14*d + 18. Let j be k(3). What is the greatest common divisor of 870 and j?
30
Let l be -2*55/10 - 1. Let t be 1 + -1 + 0 + 6. Let v = t - l. Calculate the greatest common divisor of v and 108.
18
Let l = 194 + -280. Let n be (-11)/22*l/1. Let a = n - 41. What is the highest common divisor of a and 1?
1
Let w(z) = -z**3 + 7*z**2 + 2*z + 6. Let d be w(7). Let a(v) = 15*v + 9. Let j be a(-9). Let q = 54 - j. Calculate the greatest common factor of q and d.
20
Let s(h) = -h**3 - 22*h**2 + 38*h + 437. Let n be s(-28). Calculate the greatest common divisor of n and 302.
151
Let r = 216 - 211. Suppose -4*j - 12 = 0, -r*j + 750 = 8*v - 3*v. What is the greatest common divisor of v and 9?
9
Let v be -5 + (-28)/(-6) + (-26)/(-6). Suppose v = -n + 2*n. Let t be (n - (-1 + -11))*2. What is the highest common divisor of t and 64?
32
Let q(w) = 17*w - 1 - 3*w**2 - 5 + 2 + 15*w**2 - w**3 - 12. Let u be q(13). Calculate the greatest common factor of u and 324.
36
Let q be 1/(7 + 1488/(-213)). Suppose q*t = 89*t - 108. Calculate the highest common factor of 27 and t.
3
Let o(r) = -r - 2. Let l be o(-4). Let p(c) = -10*c**2 + 133*c + 1619. Let y be p(21). What is the highest common factor of l and y?
2
Suppose 4*k + 556 = 2*k. Let b = k + 282. What is the highest common factor of b and 256?
4
Let s(n) = -3*n - 72. Let x be s(-32). Suppose 0 = 7*v - 0*v - 756. Calculate the greatest common factor of x and v.
12
Suppose 4*w = 791 + 2613. Calculate the greatest common divisor of 999 and w.
37
Let o(a) = a**3 - 2*a**2 - 4*a + 7. Let l be o(3). Let m(n) = -n**2 - 6*n + 49. Let u be m(-3). What is the highest common divisor of u and l?
2
Let v = -14 - -65. Suppose -4*c = c + 25, 0 = f + 2*c - 86. Suppose 7*q = v + f. Calculate the highest common divisor of 3 and q.
3
Let m be (49392/120)/((-6)/(-40)). What is the highest common divisor of m and 49?
49
Let z = -3082 - -4622. Calculate the greatest common factor of 35 and z.
35
Let y = 129 - 92. Let h = 87 + y. Calculate the highest common factor of h and 31.
31
Let g(k) = 2*k**2 + k - 8. Let i be g(4). Let q = i - 44. Let d(w) = w**2 + 16*w + 30. Let l be d(q). What is the highest common divisor of 150 and l?
30
Let m be -2 + 3 - (3 + -2)*1. Suppose 0 = -3*j, 5*w + 5*j - j - 120 = m. Let n be 0 + 944/w + 2/(-6). Calculate the highest common factor of 26 and n.
13
Suppose 76*a - 71*a - 10 = 0. Let k be (-1)/(-3)*a*6912/12. Calculate the highest common factor of 12 and k.
12
Let s(u) = 2*u**2 + 4*u. Let i be s(-4). Suppose -20*d = -16*d - 736. What is the highest common factor of i and d?
8
Let t = 2641 + -1827. Calculate the greatest common factor of 22 and t.
22
Suppose -13*r + 10*r - 2*k + 9347 = 0, 0 = -4*r - 3*k + 12463. Calculate the greatest common divisor of r and 175.
35
Let k(b) = -80*b + 276. Let g be k(3). What is the greatest common divisor of 16812 and g?
36
Let c(q) = 70*q**2 + 42*q + 84. Let r be c(-2).